+ 7*u + 4. Let i be (2 + -3 - 2)*-3. Suppose i*h = 4*h + 15. What is the remainder when x(-4) is divided by h?
2
Let c = -14 - -175. Calculate the remainder when c is divided by 27.
26
Suppose 4*b + m - 5*m = 320, -152 = -2*b - 2*m. Calculate the remainder when b is divided by 16.
14
Let h(x) = -2*x**3 - x**2 + x + 2. Let b be h(-2). What is the remainder when 444/10 + b/20 is divided by 12?
9
Let x(j) = 2*j**2 + j - 1. What is the remainder when x(-2) is divided by 3?
2
Let m = 2 + 0. Let j(k) be the third derivative of k**6/60 + k**3/6 + 3*k**2. What is the remainder when j(m) is divided by 6?
5
Let l = 45 - 37. Calculate the remainder when 12 is divided by l.
4
Suppose -q + 69 = -3*x, 0 = 3*q - 4*x + 7 - 204. Let a = 90 - q. What is the remainder when 78 is divided by a?
24
Let x(j) = 3*j**3 - j**2 + j. Let p be x(1). Suppose p - 8 = -a. Calculate the remainder when 13 is divided by a.
3
Suppose -a = 5*s - 185, 0 = 2*s - 4*a - 21 - 31. Calculate the remainder when 141 is divided by s.
33
Let y(t) = t**3 - t**2. Let g be y(2). Suppose -4*b = 12, g*r + b - 2*b + 5 = 0. Let n = r + 14. What is the remainder when 35 is divided by n?
11
Suppose -p - 15 = -6*p. Let z be (-1 + 0)/(4/(-28)). Suppose -z = g - 4*g - 5*l, -2*l + 10 = 3*g. What is the remainder when g is divided by p?
1
Suppose 2*n - 4 + 10 = 0. Let j = 5 + n. What is the remainder when 6 is divided by j?
0
Let l(k) = 11*k - 8. What is the remainder when l(6) is divided by 15?
13
Suppose 2*k + 2*h = h - 3, 0 = -3*k + 4*h + 12. Suppose 0 = 2*r + 3*p - 16, -p = -4 - k. Calculate the remainder when 6 is divided by r.
0
Let y = 10 - 4. Let v = -21 - -60. Let x = v - 22. Calculate the remainder when x is divided by y.
5
Suppose 27 = 3*k - 6. What is the remainder when 42 is divided by k?
9
Let h(g) = g**2 - g + 22. What is the remainder when 3/(-9) + 635/15 is divided by h(0)?
20
Let t(r) = r**2 - 6*r - 7. Calculate the remainder when t(-2) is divided by 3.
0
Suppose j = 5*m - 9*m - 6, 3*j = 4*m + 14. Calculate the remainder when j is divided by 2.
0
What is the remainder when -52*((-4)/14 + 30/(-42)) is divided by 9?
7
Suppose -2*p = -7*p + 760. What is the remainder when p is divided by 31?
28
Let o be -2*(6/(-3))/4. Let g be ((-1)/2)/(o/(-114)). Suppose 2*p = 4*p + 4*q - 34, -4*p + g = -3*q. Calculate the remainder when 58 is divided by p.
13
Let u(g) = -g**3 + 9*g**2 + 7*g + 10. Let y be u(8). Suppose 0 = -3*a - a + m + 104, y = 5*a - 3*m. Calculate the remainder when a is divided by 14.
12
Calculate the remainder when 18 is divided by -2 + (16 - (-2 + 6)).
8
Let x = 27 - -29. Calculate the remainder when x is divided by 30.
26
Suppose 0 = -4*u + 5*u - 4. Suppose -2*l = -0*l + 4*k - 10, 5*k + 46 = u*l. Calculate the remainder when 33 is divided by l.
6
Let k = -17 + 27. Suppose -k*u + 60 = -5*u. Calculate the remainder when 34 is divided by u.
10
Let z(v) = -v**3 - 6*v**2 - 13*v + 8. What is the remainder when z(-6) is divided by ((-58)/8)/(2/(-8))?
28
Let k = -54 + 74. Calculate the remainder when 59 is divided by k.
19
Suppose 0 = q + 3*d + 1, -5*q = -0*d + 3*d - 19. Calculate the remainder when 18 is divided by q.
3
Let a(x) = -x**2 + 6*x + 15. Calculate the remainder when 25 is divided by a(6).
10
Let r(i) = -i**3 + 11*i**2 + 2*i + 3. Let p be r(6). Suppose 5*t + 5*h = -5, -h = 5*t - 5 - 6. What is the remainder when (-6)/(-15)*p/t is divided by 14?
12
Suppose -5*b + 43 = 4*i - 79, 5*b = -i + 38. Calculate the remainder when 80 is divided by i.
24
Suppose 4*a - 13 = 7. Suppose -a*o = -o - 40. Calculate the remainder when o is divided by -1 + 1/(1/5).
2
Suppose 0*s + 5*v = -5*s + 25, s - v = -1. Let m be 52/12 - 2/6. Suppose m*j - 9 = f, 0 = 4*j + 4*f - f - 5. What is the remainder when j is divided by s?
0
Suppose 11*p - 3*p = 320. Let h be (-1)/(-2 - -3) - -1. Suppose h = 5*t - 10*t - i + 68, 0 = -3*t - i + p. What is the remainder when 53 is divided by t?
11
Suppose -3*h + 17 = -w, -1 = 3*w + 14. Suppose -2*z + 4*a = -17 + 5, -5*z = h*a - 72. What is the remainder when 34 is divided by z?
10
Let y = 105 + -57. What is the remainder when y is divided by 17?
14
Let c = 49 - 194. Let w be 2/(-9) + c/(-45). Suppose -3*y + 3*l = -18, -26 = -w*y - l - 0*l. Calculate the remainder when 23 is divided by y.
7
Let s(h) = -h. Calculate the remainder when 26 is divided by s(-10).
6
Suppose 26 = 5*z - 14. Let n = -1 + z. Calculate the remainder when (-1 + -1)*(3 - 13) is divided by n.
6
Suppose -2*x = -6*x + 80. What is the remainder when ((-26)/6)/(1/(-18)) is divided by x?
18
Let r = -11 - -15. Let o be 0/r + -1 + 1. Suppose o = 4*s - g - 35, -g + 5 = -s + 2*s. Calculate the remainder when 22 is divided by s.
6
Calculate the remainder when 29 is divided by 3*(-1)/2*(-48)/6.
5
Suppose 0*j - j = -6. Suppose 8 = -2*n, -2*h + j*n = n - 44. What is the remainder when 35 is divided by h?
11
Suppose -4*j = -5*o + 32, 2*j - 5*o = j - 23. Calculate the remainder when 23/(((-2)/(-4))/1) is divided by 13 + j/(3 - 0).
10
Suppose -q - 4*h + 21 = -0*h, 0 = 5*q - h - 42. Let k(x) = 4*x. Let g be k(5). Suppose 0 = -2*a - 2*a + g. Calculate the remainder when q is divided by a.
4
Let v = 25 - 47. Calculate the remainder when (-8 - v)*6/4 is divided by 12.
9
Let r(c) = c**2 - 3*c + 4. Let h be ((-2)/4)/((-7)/56). Let s = 13 - -2. Calculate the remainder when s is divided by r(h).
7
Suppose -1 = 5*l - 81. What is the remainder when 28 is divided by l?
12
Let w = 12 - -16. Suppose 0 = 3*h + 2*k + 7, 0 = -4*h + 3*h - 4*k - 19. What is the remainder when 25 is divided by h/(w/26 - 1)?
12
Suppose 2*c + 28 - 5 = s, s = -c + 23. What is the remainder when 43 is divided by s?
20
Let f be 4/14 - (-20)/28. Let b be ((-2 - -1)*4)/f. Let t = 6 + b. Calculate the remainder when t is divided by 2.
0
Suppose 2*a = a + 29. Let m(q) = q**3 - 5*q**2 - 3*q - 3. Calculate the remainder when a is divided by m(6).
14
Suppose 0*a = -2*a + 12. Suppose 5*w + 5*c = 5, -2*w + 2*c + 19 = 3*w. Suppose 0 = w*x - 2*x - a. What is the remainder when x is divided by 4?
2
Let z(c) = -c**2 + 3*c + 2. Let s be z(4). Let v = 3 + s. Calculate the remainder when v is divided by 1.
0
Let k = 50 + -34. Suppose 3*l + 32 = 221. Calculate the remainder when l is divided by k.
15
Calculate the remainder when (-73)/(-1) + (-12 - -14) is divided by -1*(-2)/(-4)*-38.
18
Suppose 4*h - 1 = 27. Suppose 2*y + 7 = 5*r - h, 14 = 3*r - 4*y. Calculate the remainder when r is divided by 2.
0
Calculate the remainder when 59 is divided by 0/12 + 20*(0 + 1).
19
What is the remainder when 10 is divided by (-5)/(5/(-4)) + 0?
2
Suppose -4*w + w = -9. Suppose w*p + 0*p = 45. What is the remainder when 133/3 + 3/(-9) is divided by p?
14
Let f(a) = -28*a - 3. Let c be f(-2). Suppose -2*i + 18 = 2*z, 0 = -5*i - 3*z + c - 10. Calculate the remainder when (-89)/(-4) + 4/(-16) is divided by i.
6
Let q be 6 + 3/((-6)/4). Suppose 2*o + 3 = o. Let u = q - o. Calculate the remainder when 26 is divided by u.
5
Let t(q) = 4*q**3 - q**2 - 3. What is the remainder when 73 is divided by t(2)?
23
Suppose 5*q + 5*y = q + 50, -2*q = 5*y - 20. Let z = 6 + -3. Suppose 0 = -z*a + 8 + 16. What is the remainder when q is divided by a?
7
Calculate the remainder when 88 is divided by 1/((-2)/5 - (-510)/1150).
19
Let g = -76 + 110. What is the remainder when g is divided by 24?
10
What is the remainder when 17 is divided by (12/(-4))/(1/(-2))?
5
Suppose -5*b + 0*b = -40. Calculate the remainder when b is divided by 8.
0
Suppose 0 = -4*s + c + 132, 138 = 4*s - 5*c - 10. What is the remainder when 61 is divided by s?
29
Suppose 5*m - 221 + 21 = 0. What is the remainder when m is divided by 21?
19
Suppose 0*s = s - 10. Calculate the remainder when (-15)/25 - 93/(-5) is divided by s.
8
Suppose 3*d = -5*x - 0*x + 17, 4 = 2*d - 4*x. Let j be 1/d + (-44)/(-16). Suppose i - 100 = -j*i. Calculate the remainder when i is divided by 9.
7
Let n be (-4)/18 + 10/45. Suppose -2*i + 40 - 14 = n. Calculate the remainder when 63 is divided by i.
11
Let t(h) = h**2 + 13*h + 27. Calculate the remainder when t(-16) is divided by 40.
35
Suppose 9*v - 4*v = -50. Let w(x) = -x**3 + 12 + 11*x**2 - 5*x**3 + 10*x + 7*x**3. Calculate the remainder when 23 is divided by w(v).
11
Calculate the remainder when 5 is divided 